2)/10?
2
What are the prime factors of (103 - (2 - 6)) + -1?
2, 53
Let z = 5 - 0. Suppose t + 4*t = 10. Suppose -t*x + z = -2*m + 19, 2 = 2*m + x. List the prime factors of m.
3
Let k(s) be the first derivative of 2*s**2 + 7*s - 3. What are the prime factors of k(5)?
3
Let g be 90/11 - 2/11. Suppose -4*h + g = -0. Suppose 0 = -5*a + y + 53, -2*y = -2*a + h*y + 14. List the prime factors of a.
11
Let h = 15 + -1. Suppose 2*b = -0*b + h. What are the prime factors of b?
7
Suppose 0*c = -4*v - 5*c + 164, 0 = 4*v - 5*c - 124. What are the prime factors of v?
2, 3
Let d(j) = -j**2 - 10*j. Let i be d(-7). Suppose r - 4*o - i = 0, -2*o - 11 = -3*r - 3*o. List the prime factors of r.
5
Let b(a) = 3*a - 2. Suppose 3*u - 1 = 5*o, -2*u = 4*o - u + 11. Let x = o + 6. List the prime factors of b(x).
2, 5
Suppose -4*h + 6*h = 50. List the prime factors of h.
5
Suppose -4*k + 2*k = 5*p - 74, -2*p = -2*k + 102. What are the prime factors of k?
47
Suppose -4*w - 99 = -5*i - w, -5*w + 75 = 5*i. Suppose -u - 9 = -5*x + u, 0 = -3*x - 3*u + i. Suppose -n + 32 = x*n. What are the prime factors of n?
2
Let a(t) = -4*t - 18. What are the prime factors of a(-8)?
2, 7
Let p = 5 - 0. Suppose r - p = 18. Let m = -13 + r. List the prime factors of m.
2, 5
Suppose -z + 4 = -3. Let l = 31 + -31. Let y = z + l. List the prime factors of y.
7
Let n(g) = 5*g - 17. What are the prime factors of n(7)?
2, 3
Let h = -8 - -16. What are the prime factors of h?
2
Let k(f) = -2*f**3 - 2*f**2 - 3*f - 1. Suppose 0 = -3*o + 8*g - 3*g + 9, 3*o + 12 = -2*g. List the prime factors of k(o).
13
Let c be (-12)/10*5/(-2). Suppose -c*a = -16 - 2. What are the prime factors of a?
2, 3
Suppose 2*f - 4 = 4*f, x - 51 = -f. What are the prime factors of x?
53
Let s(i) = -7*i**2 + 14*i**2 + i**3 - 6*i - 3*i**2 + 6. What are the prime factors of s(-5)?
11
Let p be (-3)/(-6)*-6 - -2. Let s(c) = 5*c**2 - c. List the prime factors of s(p).
2, 3
Let a = 38 + -66. Let t = 1 - a. What are the prime factors of t?
29
Suppose 6 = -4*d + 22. Suppose -5*s + 2 = -4*s, -34 = -3*r + d*s. List the prime factors of r.
2, 7
Suppose -3*g = -31 - 47. What are the prime factors of g?
2, 13
Suppose 2*g + 4*n - 60 = 0, -5*g - 2*n + 195 = 61. List the prime factors of g.
2, 13
Suppose 0*v - 4*v = -2*s + 4, -2*s - 4*v + 12 = 0. Suppose -113 = -5*j - s*n + 55, 4*n = 3*j - 88. List the prime factors of j.
2
Let c = -3 + 6. Suppose -v + 0*v + 6 = 4*b, c*b - v - 1 = 0. Suppose 3*y - 14 = b. What are the prime factors of y?
5
Suppose 0 = z - 4*g - 24, -z = 6*g - 4*g - 12. What are the prime factors of z?
2
Let i(x) = -x - 1. Let v(u) = 6*u + 4. Let w(f) = -5*i(f) - v(f). What are the prime factors of w(-10)?
11
Suppose -213 = -5*w - 3*c, -3*c = -w + 28 + 11. What are the prime factors of w?
2, 3, 7
Suppose -i - 5*g = 22, -5*i + 0*g + 3*g = -30. List the prime factors of 15*(2 + (2 - i)).
3, 5
Let h = -8 - -7. List the prime factors of (-6)/(-2) - -34 - h.
2, 19
Let y(a) = a**3 + 2*a**2 + a + 3. Let q be y(-3). Let u(m) = m**2 + 8*m + 1. What are the prime factors of u(q)?
2, 5
Let t = -7 - -12. Suppose t*f = -2*k + 5, 5*k - 3*f = -8*f + 5. Suppose 2*m - 4 = k, -m + 0*m = -l + 16. What are the prime factors of l?
2, 3
Suppose -4*f = -2*f. Suppose f*i + i - 44 = 0. What are the prime factors of i?
2, 11
Suppose 0 = -2*a - a - 15, 4*a + 92 = p. What are the prime factors of p?
2, 3
Let p = 123 - -135. List the prime factors of p.
2, 3, 43
Let m(h) = 5*h - 1. Let u(x) be the third derivative of 5*x**4/12 - x**3/3 - x**2. Let w(n) = 7*m(n) - 4*u(n). What are the prime factors of w(-1)?
2, 3
Let o be (0 - 1)/((-1)/(-6)). Let x be 2/3 + (-8)/o. List the prime factors of 2/x + 0 - -12.
13
Suppose 4*m + 4*b - 12 - 48 = 0, -3*m + 5*b = -29. List the prime factors of m.
13
Suppose -v + 3*j = 7, -3 = 5*v + 5*j - 28. Suppose 0 = -v*r + f + 11, -5*f - 8 - 11 = 2*r. What are the prime factors of r?
3
Let l(k) = -k**2 + 3*k. Let a be l(2). Let j(y) = y + a + 0 - 3. List the prime factors of j(4).
3
Suppose -3*m + 6*m = 12. Let f(p) = m + 11 - 7 + p + 6. What are the prime factors of f(-11)?
3
What are the prime factors of (1/(-3))/(-1)*150?
2, 5
Suppose -3*x + 249 = 3*p - 0*x, -5*p = -3*x - 383. Let z = p - 47. List the prime factors of z.
2
Suppose -2*n - 4 - 12 = -4*i, -12 = -3*i + 3*n. Suppose -i*f = -42 - 2. List the prime factors of f.
11
Suppose -173 = -v - 2*c + 232, 0 = 5*v + 4*c - 2049. List the prime factors of v.
7, 59
Suppose 4*v - 14 - 2 = 0. Suppose v*n - 63 = -3*d - n, -n - 45 = -3*d. What are the prime factors of d?
2
What are the prime factors of (-84)/(-3 - 0) - -3?
31
Let m be (-3)/(-2)*24/9. Let p(n) = -n + 6. List the prime factors of p(m).
2
Let j be (25/15)/(2/36). Suppose 5*t + j = -f, -2*f = 5*t + 3*f + 50. Let y = 9 + t. What are the prime factors of y?
2
Suppose -q = 2*q - 1050. What are the prime factors of q?
2, 5, 7
What are the prime factors of 939/21 + 10/35?
3, 5
Let a be -2*(-3 - -4 - 3). Suppose -8 - a = -2*x. Suppose -x*z + z + 35 = 0. List the prime factors of z.
7
Suppose -353 = -5*a - 98. List the prime factors of a.
3, 17
Let a = -71 - -122. Suppose 2*u = 5*u - a. List the prime factors of u.
17
Let z(s) = -s**2 + 3*s + 4. Let v be z(3). Let k be (v/(-6))/((-8)/132). Let a = k + 1. List the prime factors of a.
2, 3
Let u(h) = 57*h - 4. What are the prime factors of u(1)?
53
Let i = 248 - 173. Suppose d = -2*d + i. What are the prime factors of d?
5
What are the prime factors of 2/(-5) + (-204)/(-10)?
2, 5
Let x(p) = 7*p - 6*p + 0 - 4 + 0*p. What are the prime factors of x(8)?
2
What are the prime factors of 25*(4 + -7 + 5)?
2, 5
Suppose 2*h + 94 = 3*n, -5*h + 87 = 4*n - 69. Let u = n + -15. Let x = u - -4. List the prime factors of x.
23
Let o(p) = p**3 - p**2 - 2*p. Let h be o(2). Suppose -4*w = 4*y + 195 - 611, y - 3*w - 88 = h. List the prime factors of y/8*(-8)/(-10).
2, 5
Let n = 74 + -20. List the prime factors of n.
2, 3
Let w(m) = 3*m**3 - 3*m**2 + 1. Let x be w(3). Let g = -10 + x. Suppose 5*j = -2*l + g, -4*l = 5*j - 3*l - 45. What are the prime factors of j?
3
Suppose -3*g - 4 - 11 = 0. Let s(r) = -2*r + 1. What are the prime factors of s(g)?
11
Suppose 5*t = -4*h + 191, -h - 179 = -5*t - 2*h. List the prime factors of t.
5, 7
Suppose 0 = -4*p + 4*s - 8*s + 676, -330 = -2*p - 4*s. List the prime factors of p.
173
Suppose 5*s + 2*c - 3 = 0, c = -5*s + 3*s + 1. Suppose -3 - s = 4*r. What are the prime factors of 4 + (1 - (-1 - r))?
5
Let x(s) = -2*s - 4. Let d be x(-5). Let q(z) = z**2 - 6*z + 1. Let n be q(d). Suppose -4*a - b + 17 = 0, -5*b + 4 + n = 0. List the prime factors of a.
2
Let q = -11 - -17. Let j(z) = -z**3 + 6*z**2 + 2*z - 2. What are the prime factors of j(q)?
2, 5
Suppose 0 = 5*g + 3*o - 30, -3*o = -2 - 13. Suppose 113 = 4*q + g*x, 0*x + 5 = -x. What are the prime factors of q?
2
Let b = -6 + 6. Let h = b + 3. Suppose -8*l + h*l = -40. What are the prime factors of l?
2
Suppose 2 + 8 = 5*w. Suppose w*f = f + 16. Suppose 4*z + 5*h = f, z + z = h + 8. List the prime factors of z.
2
Let t = 14 + 9. List the prime factors of t.
23
Suppose 2*i = i. Let z be 1/2*i/(-2). Suppose z = 5*a - 48 + 8. List the prime factors of a.
2
Let s = -9 - -20. Suppose 3*p - s = 1. List the prime factors of p.
2
Suppose 4*g - 327 = -5*v + 61, 0 = 4*v - 5*g - 294. List the prime factors of v.
2, 19
Let c = -7 - -51. List the prime factors of c.
2, 11
Let w(r) = 8*r - 5. List the prime factors of w(10).
3, 5
Let r(n) = n**3 + n**2 - 3*n + 2. Let l = 2 - 0. List the prime factors of r(l).
2
Suppose -5*v = 3*y - 54, -8*v + 3*v + y = -62. Let t be (-20)/3*v/(-10). Let a = t - 6. List the prime factors of a.
2
Let g(l) = 8*l**2 + 7*l + 4. What are the prime factors of g(-3)?
5, 11
What are the prime factors of 208 - -5 - -5 - 2?
2, 3
Let y = 113 - 43. List the prime factors of y.
2, 5, 7
Let o = -5 + 7. Let s = 6 + o. What are the prime factors of s?
2
Let t(a) = a**3 - 10*a**2 + 9*a - 3. Let y be t(9). Let m = -6 - -10. List the prime factors of y/(-3)*m - -2.
2, 3
Suppose 0 = -6*r + 12 + 276. What are the prime factors of r?
2, 3
Let d = 29 + -25. Suppose -d*u = -155 - 5. What are the prime factors of u?
2, 5
Let i = 13 - 9. Let v = 6 - i. List the prime factors of v + 1 + -2 - -2.
3
Let j = -59 + 109. W